 What is the highest common divisor of 3 and t?
3
Let j(q) = 41*q + 12. Let o be j(3). What is the greatest common divisor of o and 15?
15
Suppose 158 - 4 = 7*f. Suppose -4*a - 4*p + 14 = -10, -4*a + 4*p = -40. Suppose 0 = -0*g + 4*g - a. Calculate the highest common factor of f and g.
2
Let v(n) = 2*n**2 - 8*n + 6. Let f(r) = -r + 1. Let t be (-1 - -2) + -5*1. Let o be f(t). Let m be v(o). Calculate the highest common factor of 80 and m.
16
Suppose -4*l = 3*r + 39 - 165, 3*l = 5*r - 239. Calculate the greatest common factor of r and 92.
46
Let v = -13 - -19. Calculate the highest common divisor of 54 and v.
6
Suppose 44 = 4*b - 4*l, -5*b + 3*l = -90 + 33. Let s = 50 - 26. Calculate the highest common factor of s and b.
12
Let a = -1 + 4. Suppose 0 = 6*x - 8*x + 24. What is the greatest common factor of x and a?
3
Let m = 9 + -4. What is the greatest common divisor of m and 15?
5
Let k be 3/6*4 + 7. Let a(g) = g + 9. Let t be a(k). What is the highest common factor of 72 and t?
18
Suppose 1 - 5 = -i. Suppose -i*r + 2 = -2. Calculate the greatest common divisor of r and 9.
1
Let u = 9 + -4. Suppose -i - 52 = -u*i. Let d = 40 + -27. What is the highest common factor of i and d?
13
Suppose -5*w = 2*b - 37, -4*w - 100 = -4*b - 12. Let o = b + -13. What is the highest common factor of o and 80?
8
Suppose f - 6*c - 7 = -c, 3*f - 54 = 4*c. Calculate the highest common divisor of 110 and f.
22
Let j(i) = i - 6. Let n be j(11). Suppose 2*z - 2*s - 64 = -0, n*s - 50 = -2*z. Calculate the greatest common divisor of z and 10.
10
Let s(n) = -19*n - 2. Let r be s(1). Let d = r + 29. Calculate the greatest common factor of d and 64.
8
Let u = -4 - -8. Suppose -5*t - u*w = -384, -4*w + 224 = t + 2*t. What is the greatest common factor of t and 20?
20
Suppose -3*w = -39 - 24. Calculate the greatest common factor of w and 3.
3
Let y(w) be the second derivative of -1/2*w**2 - 1/6*w**3 - 4*w + 0 - 1/20*w**5 + 11/12*w**4. Let l be y(5). Calculate the highest common divisor of l and 16.
16
Suppose 2*o - 3*m = 10, o - m - 29 = -2*o. Calculate the greatest common factor of 1 and o.
1
Let p(j) = j**2 + 4*j - 12. Let c be p(-8). What is the highest common factor of c and 30?
10
Let n(b) = -b**3 + 9*b**2 + 3*b - 11. Let d be n(9). Let l be 396/10 - (-4)/10. Calculate the highest common factor of l and d.
8
Suppose 4*f - 13 = 3. Suppose -6 = -v + u, 2*u = -f*v - 0*v - 6. What is the greatest common factor of 8 and v?
1
Let t = -186 - -199. Calculate the highest common divisor of 13 and t.
13
Let p = 339 - 183. Calculate the greatest common divisor of p and 39.
39
Suppose 498 = 5*u + 153. Calculate the highest common divisor of u and 23.
23
Let q = -22 + 27. Suppose 2*m = -c + 19 - q, -2*m + 6 = -c. What is the greatest common divisor of 15 and m?
5
Suppose 2*w - 6*w + 12 = 0. Suppose 3*f = -u, -w*u - 2 = 4*f + 13. Let k = -4 - u. Calculate the greatest common factor of 10 and k.
5
Let r(d) = 2*d - 13. Let j be r(12). Let c be 0 - (-2 - (0 + 1)). Suppose p + c*u - 88 = 8*u, -4*p + 352 = -u. Calculate the greatest common factor of p and j.
11
Let t(s) = -s**2 - 6*s + 4. Let l be t(-6). Let x(z) = 1 + 6*z**2 - 2*z**2 - 5 + 8*z - z**3 - z. Let k be x(5). Calculate the highest common factor of k and l.
2
Suppose 0*a = a - 9. Let t = 11 - a. Let i = 48 - 26. Calculate the greatest common factor of i and t.
2
Let r = 65 + -32. Suppose 4*a = a + r. Suppose -d - a = -6*d + 2*j, -4*j = -8. Calculate the greatest common divisor of 12 and d.
3
Let l(m) = m**2 + 7*m - 2. Suppose -4*j - 23 = -3. Let c be l(j). Let k be c*(-2 + (-10)/4). Calculate the highest common divisor of k and 6.
6
Let c be 3/5 + (-22)/(-5). Let h be ((-1)/2)/(1/(-50)). Calculate the greatest common factor of c and h.
5
Suppose 2*d + 3 = -z - 2, -2*z - 10 = 5*d. Suppose -p = -5*x - 6, -3*p - x + 82 = -d*p. Suppose 46 = 4*r - 214. What is the highest common factor of r and p?
13
Let n be ((-9)/12)/(2/(-80)). Suppose 225 = 3*m - 0*m. Calculate the highest common factor of n and m.
15
Let t be (8/(-5) + 0)*(-75)/10. Calculate the highest common factor of t and 12.
12
Suppose 7*o - 3*o = 0. Suppose -2*j + 4*j = o. Let i be (14/3 - j)*3. What is the highest common divisor of i and 154?
14
Suppose -40 = 11*s - 13*s. What is the greatest common factor of s and 20?
20
Suppose -6 = 4*x + 6. Let k be 2 + -4 - (9 + x). Let u = 56 + k. Calculate the greatest common factor of u and 16.
16
Suppose 2*i - 35 + 9 = 0. What is the greatest common factor of i and 78?
13
Suppose 2*x + x + 2088 = 0. Let r = x + 1048. Calculate the highest common factor of 32 and r.
32
Suppose 3*j = -2*m + 59, 5*j = -0*j - 5*m + 95. Calculate the greatest common factor of 7 and j.
7
Suppose 3*l = l + 20. What is the greatest common factor of l and 80?
10
Let o = 1 + 12. Let x(z) = 4*z - 3*z + 2 + 2. Let l be x(9). What is the greatest common divisor of o and l?
13
Let q = -126 + 203. Calculate the greatest common factor of 7 and q.
7
Let r be 580/18 + 34/(-153). Calculate the highest common divisor of r and 40.
8
Let v be ((-24)/(-15) + -2)*-65. Let q(b) = 3*b + 4. Let f be q(3). What is the greatest common factor of f and v?
13
Suppose r - 4*r + 90 = 0. Suppose l = -6 + 51. What is the greatest common factor of l and r?
15
Let d = 6 + -3. What is the highest common factor of d and 15?
3
Let m(b) = -4*b + 2. Let w be 3*(-4)/(-12)*-3. Let y be m(w). What is the highest common factor of 42 and y?
14
Let o be 6/(78/74 - 1). Suppose 4*s - 9 - o = 0. Let g(k) = -k**3 - 5*k**2 - k + 5. Let v be g(-5). Calculate the greatest common factor of v and s.
10
Let o be (-10 - -3)*-2 - 0. Calculate the greatest common factor of 28 and o.
14
Let a = -14 + 25. What is the highest common factor of a and 11?
11
Let m(q) = -q**3 - 3*q**2 + 8*q + 1. Let w be m(-6). Suppose -204 + w = -y. What is the highest common factor of y and 13?
13
Let a = -17 + 47. What is the highest common factor of 10 and a?
10
Let g be (1 + -2)/(2/(-190)). What is the highest common factor of 19 and g?
19
Suppose -3*j + f - 9 = 54, -3*f = -9. Let i be (-3)/(-15) + (-716)/j. Calculate the greatest common divisor of 4 and i.
4
Let v(k) = -2*k - 4. Let n be v(-3). Let l be (-33)/(-6)*n - 2. Calculate the highest common divisor of 9 and l.
9
Let g(m) = 11*m**3 + 4*m**2 + 1. Let z be g(-3). Let k be z/(-15) - 2/6. What is the greatest common divisor of 187 and k?
17
Let h = -5 + 13. Suppose 4*s + h = f + 6*s, 9 = 3*s. Let t be 2/(-2) + (0 - -23). Calculate the highest common factor of f and t.
2
Let c be (-2)/(-11) + (-163)/(-11). Let t(l) = 8*l + 1. Let q be t(2). Let o = c + q. What is the highest common divisor of 4 and o?
4
Let r = 4 - 0. Suppose -4*z = -23 - 25. What is the greatest common factor of r and z?
4
Let n = -59 - -81. Calculate the highest common divisor of 286 and n.
22
Suppose -v + 5*v - 8 = 0. Suppose -v*g - 3 + 5 = 0. Let f be ((-50)/(-15))/(2/3). Calculate the greatest common factor of f and g.
1
Suppose -252 = -4*r + 4*q, -q + 63 = r - 4*q. Let y = r + -37. What is the greatest common factor of 13 and y?
13
Let a(n) = -n + 1. Let d be a(-1). Suppose -d*t - 3 + 1 = 0, -4*u + 103 = -3*t. What is the highest common divisor of 275 and u?
25
Let j(x) = -x**3 - 10*x**2 - 10*x - 6. Let l be j(-9). Suppose -6*v + 60 = -2*v. Calculate the greatest common factor of v and l.
3
Let j(s) = -s**3 + 6*s**2 + 7*s + 7. Let n be j(7). Calculate the highest common divisor of n and 77.
7
Let f be 2/2 + -6 + 10. Calculate the highest common factor of f and 45.
5
Let q be -23*(-3 + (-4)/(-2)). Suppose 4*f - q = -3*j, 7*f = 2*f - 3*j + 31. Let i = -46 - -78. What is the highest common factor of f and i?
8
Let n = 312 + -136. Suppose 0 = r - 0*r - 8. Let t = 30 - r. Calculate the highest common factor of n and t.
22
Let t = 9 + -9. Suppose x = -3*x + a + 347, 2*x - 3*a - 161 = t. Suppose 0*i + 48 = 5*v + 2*i, i = -v + 12. Calculate the highest common factor of x and v.
8
Suppose 0 = -9*j + 13*j - 364. Calculate the greatest common divisor of 13 and j.
13
Let h(o) = o**3 + o**2 - o + 3. Let a be h(0). Let z be (-30)/a*(-2)/(-4). Let y = 3 - z. Calculate the greatest common divisor of y and 2.
2
Let w be 30 + -29 - 2/(4/(-58)). Calculate the highest common factor of 50 and w.
10
Let q = -692 - -712.